?
17, 317, 136177
What are the prime factors of 116150375?
5, 11, 17, 4969
What are the prime factors of 168242111?
389, 432499
List the prime factors of 609604750.
2, 5, 73, 33403
List the prime factors of 47980221.
3, 61, 262187
What are the prime factors of 74544941?
74544941
What are the prime factors of 4427249?
53, 103, 811
What are the prime factors of 32585956?
2, 13, 61, 10273
List the prime factors of 94217424.
2, 3, 7, 280409
List the prime factors of 184209850.
2, 5, 11, 43, 7789
What are the prime factors of 763135?
5, 19, 29, 277
What are the prime factors of 202133475?
3, 5, 3697
List the prime factors of 144378655.
5, 619, 46649
What are the prime factors of 17148788?
2, 4287197
What are the prime factors of 1791159334?
2, 17981, 49807
List the prime factors of 203560426.
2, 127, 801419
List the prime factors of 41062452.
2, 3, 23, 37, 4021
List the prime factors of 6943076.
2, 7, 67, 3701
List the prime factors of 117439158.
2, 3, 103, 190031
List the prime factors of 108900746.
2, 3037, 17929
List the prime factors of 5296022307.
3, 588446923
List the prime factors of 567571715.
5, 31, 73, 103, 487
What are the prime factors of 210213592?
2, 139, 189041
List the prime factors of 873449402.
2, 7, 8912749
What are the prime factors of 133614208?
2, 7, 13, 11471
What are the prime factors of 1181109724?
2, 43, 79, 86923
List the prime factors of 45193364.
2, 1093, 10337
List the prime factors of 28505159.
28505159
What are the prime factors of 167290093?
317, 527729
List the prime factors of 15460460.
2, 5, 773023
What are the prime factors of 66633527?
66633527
What are the prime factors of 908410578?
2, 3, 109, 1389007
What are the prime factors of 73347635?
5, 3623, 4049
What are the prime factors of 9991461?
3, 17, 409, 479
What are the prime factors of 6272179526?
2, 9221, 340103
List the prime factors of 190400414.
2, 199, 401, 1193
What are the prime factors of 511276053?
3, 397, 429283
List the prime factors of 568109511.
3, 2011, 10463
What are the prime factors of 1373869048?
2, 787, 218213
List the prime factors of 1279564155.
3, 5, 37, 256169
What are the prime factors of 1951305111?
3, 7, 19, 73, 137, 163
What are the prime factors of 840587772?
2, 3, 941, 74441
List the prime factors of 1521897346.
2, 317, 2400469
What are the prime factors of 39735200?
2, 5, 49669
What are the prime factors of 307826629?
11, 5147, 5437
List the prime factors of 86648563.
86648563
List the prime factors of 6914759028.
2, 3, 576229919
What are the prime factors of 707388432?
2, 3, 1861, 7919
List the prime factors of 57225765.
3, 5, 3815051
List the prime factors of 100435300.
2, 5, 7, 103, 199
List the prime factors of 44068061.
44068061
What are the prime factors of 407058052?
2, 19, 71, 75437
What are the prime factors of 2960304143?
2960304143
What are the prime factors of 2141164017?
3, 19, 31, 134639
List the prime factors of 1232482626.
2, 3, 17, 1399, 2879
List the prime factors of 4284446763.
3, 23327, 61223
What are the prime factors of 111336768?
2, 3, 7159
What are the prime factors of 58313919?
3, 67, 290119
List the prime factors of 202185353.
37, 5464469
What are the prime factors of 41968896?
2, 3, 54647
List the prime factors of 1173937137.
3, 3617, 108187
What are the prime factors of 26405017?
26405017
List the prime factors of 75154945.
5, 15030989
List the prime factors of 150330045.
3, 5, 103, 97301
List the prime factors of 185352881.
7, 79, 571, 587
What are the prime factors of 94025586?
2, 3, 59, 151, 1759
List the prime factors of 33613309.
4793, 7013
List the prime factors of 3182335528.
2, 397791941
What are the prime factors of 1325303566?
2, 6599, 100417
What are the prime factors of 36458806?
2, 53, 343951
List the prime factors of 463653973.
1979, 234287
List the prime factors of 131420819.
131420819
List the prime factors of 84454588.
2, 41, 514967
What are the prime factors of 160390754?
2, 6197, 12941
What are the prime factors of 23528733?
3, 181, 43331
List the prime factors of 4303017062.
2, 31, 69403501
What are the prime factors of 556206040?
2, 5, 13, 82279
What are the prime factors of 298496631?
3, 19, 593, 8831
What are the prime factors of 40646240?
2, 5, 254039
List the prime factors of 286399901.
17, 19, 547, 1621
List the prime factors of 5027861835.
3, 5, 37243421
What are the prime factors of 605951796?
2, 3, 61, 827803
What are the prime factors of 117756777?
3, 39252259
List the prime factors of 10711554.
2, 3, 7, 19, 31, 433
What are the prime factors of 47216881?
19, 43, 57793
List the prime factors of 190209427.
163, 1166929
List the prime factors of 2681799647.
2681799647
List the prime factors of 988480034.
2, 71, 83, 83869
List the prime factors of 1714566478.
2, 29, 29561491
What are the prime factors of 145085135?
5, 13, 947, 2357
List the prime factors of 985004565.
3, 5, 17, 37, 104399
What are the prime factors of 3234338147?
277, 2467, 4733
What are the prime factors of 568060781?
41, 13855141
List the prime factors of 673238078.
2, 8693, 38723
What are the prime factors of 112085959?
19, 5899261
List the prime factors of 517946582.
2, 17, 67, 271, 839
List the prime factors of 1061676657.
3, 117964073
What are the prime factors of 93361828?
2, 7, 3334351
What are the prime factors of 69088441?
73, 946417
What are the prime factors of 1816021837?
7, 5227, 49633
What are the prime factors of 31177708?
2, 19, 410233
What are the prime factors of 986201964?
2, 3, 11, 379, 6571
List the prime factors of 93879197.
101, 929497
What are the prime factors of 116264315?
5, 41, 567143
List the prime factors of 305429303.
6577, 46439
List the prime factors of 453630305.
5, 157, 577873
What are the prime factors of 1445745008?
2, 17, 5315239
List the prime factors of 4811970999.
3, 11, 145817303
List the prime factors of 1580866158.
2, 3, 19, 113, 122719
What are the prime factors of 593706589?
7, 17, 29, 3511
List the prime factors of 41846899.
2011, 20809
What are the prime factors of 17883571?
43, 89, 4673
What are the prime factors of 56441940?
2, 3, 5, 103, 9133
List the prime factors of 395061651.
3, 14631913
What are the prime factors of 5615413856?
2, 13, 71, 190121
What are the prime factors of 2862362300?
2, 5, 7, 4089089
List the prime factors of 1631181595.
5, 137, 2381287
What are the prime factors of 359629981?
71, 71341
List the prime factors of 991967346.
2, 3, 55109297
What are the prime factors of 144023082?
2, 3, 7, 17, 43, 4691
List the prime factors of 848474055.
3, 5, 11, 13, 43951
List the prime factors of 3254426830.
2, 5, 421, 773023
List the prime factors of 62542822.
2, 617, 50683
What are the prime factors of 1454386?
2, 233, 3121
List the prime factors of 30156535.
5, 613, 9839
What are the prime factors of 492249758?
2, 7, 11, 13, 19, 12941
What are the prime factors of 63387602?
2, 31693801
List the prime factors of 445334989.
11, 41, 691, 1429
What are the prime factors of 24700583?
31, 25703
List the prime factors of 1946322347.
1946322347
List the prime factors of 249591804.
2, 3, 7, 11, 270121
What are the prime factors of 18793712?
2, 7, 167801
What are the prime factors of 42765685?
5, 8553137
List the prime factors of 8750523.
3, 2916841
List the prime factors of 141170817.
3, 19, 2476681
List the prime factors of 1072066397.
31, 67, 516161
List the prime factors of 5753063835.
3, 5, 127845863
List the prime factors of 213161625.
3, 5, 37, 569
List the prime factors of 1649460061.
661, 1171, 2131
List the prime factors of 658852049.
658852049
List the prime factors of 6593733.
3, 37, 19801
What are the prime factors of 72219851?
11, 71, 89, 1039
What are the prime factors of 103973068?
2, 53, 283, 1733
What are the prime factors of 46236523?
46236523
What are the prime factors of 1115954566?
2, 919, 607157
List the prime factors of 72645950.
2, 5, 13, 73, 1531
List the prime factors of 53614720.
2, 5, 83773
List the prime factors of 1249258114.
2, 13, 29, 1656841
What are the prime factors of 276683617?
7, 61, 577, 1123
List the prime factors of 38972917.
47, 829211
List the prime factors of 328248875.
5, 53, 49547
List the prime factors of 202645682.
2, 457, 221713
What are the prime factors of 3399614011?
47, 72332213
What are the prime